(l) + m(l). Give n(0).
2
Let u(g) = -3*g + 1. Let s(r) = r. Let i(k) = 4*s(k) - u(k). Let c = 3 - 5. Let p be c/(-3)*6/(-4). Determine i(p).
-8
Suppose -3*y - 2*q + 17 = 0, 25 + 4 = 3*y + 5*q. Let r(t) = -t**2 - 2*t**3 - t**3 + 3*t**y + 3*t**3. Calculate r(-1).
-4
Let b(f) = 2. Let m(u) = -u + 5. Let t(j) = -6*b(j) - m(j). What is t(5)?
-12
Let z(k) = -k**2 - 14*k + 4. Let h be z(-12). Suppose 3*c + 5*i + h = 3*i, -5*i - 55 = 5*c. Let l(q) = -2*q - 9. Calculate l(c).
3
Let t(h) = -3*h + 6. Let s(z) = 4*z - 7. Let d(g) = -4*s(g) - 5*t(g). Let j be 4/(-6)*(1 + -7). Let i = 10 - j. Determine d(i).
-8
Let i(a) be the first derivative of a**2/2 - 9*a - 2. Suppose 0 = 3*c + 5*u - 2 - 15, -5*u = -4*c + 11. Give i(c).
-5
Let d(v) be the third derivative of v**6/120 + v**5/12 - 7*v**4/24 + 2*v**3/3 + 3*v**2. Let n = 103 + -109. Give d(n).
10
Suppose h - 8 = -3*m, -m = -2*h - h - 16. Suppose -o + 5*u - 19 = -0*o, 0 = -3*o - 4*u + 38. Let t(w) = 1 + o - w - 4 - 5. Calculate t(h).
2
Let l(v) = -4*v - 2. Suppose 6 = -2*k + 4*k. Suppose -5*f = -k*r - 20 - 14, 5*f = -2*r + 19. Let h = r + 5. Determine l(h).
-10
Let d(a) = a + 9. Let k(v) = 24*v - 44. Let u be k(2). Calculate d(u).
13
Suppose 5*a = a + 56. Let t(y) = -2 + 0 + 2*y + 1 + 0*y + a*y**2. Calculate t(1).
15
Let v = -25 + 29. Let u(x) = -x**2 + 14*x - v*x + 2*x**2 - 2*x**2 - 8. Determine u(8).
8
Let w(b) = -4*b + 5. Suppose -156 = -3*d - 3*a, 4*a - 262 = -6*d + d. Let h = -49 + d. What is w(h)?
-15
Suppose -z - 4*o - 2 = 0, -5*z + 1 + 5 = 4*o. Let d(k) = -4*k + 6*k**2 + 1 - k**3 + 3 - 2 - z*k. Let i(y) = 4*y - 23. Let c be i(7). Determine d(c).
-3
Let f(d) = 179*d - 99*d - 79*d + 6. Calculate f(-8).
-2
Let s(k) = 7*k + 11*k + 2*k**2 - 12 - 6*k + 30*k - 26*k. Determine s(-9).
6
Let l(d) = -20 + 33 - 18 + 3*d. Let j(i) = -2*i + 1. Let p(h) = 2*j(h) + l(h). Determine p(-9).
6
Let u(l) be the second derivative of -l**5/20 - 2*l**4/3 - l**3 + l**2/2 + 57*l + 1. Let h be (-17 - 1)*(-2)/(-3). Let c = h + 5. What is u(c)?
-6
Let w(z) = 4*z + 133. Let g be w(-34). Let v(a) = 3*a**2 - 3*a + 4. Let l(o) = -5*o**2 + 6*o - 8. Let k(s) = -6*l(s) - 11*v(s). Give k(g).
-14
Suppose -244*p - 56 = 4*r - 239*p, r + 5*p = -29. Let q(d) = -2*d**2 - 14*d + 5. What is q(r)?
-31
Let f(h) = h**2 - 2*h + 3. Let w(x) = -x. Let j(o) = 4*o. Let t(z) = 2*j(z) + 9*w(z). Let v be t(3). Determine f(v).
18
Let j(f) = 392 - 2*f - 392. What is j(-1)?
2
Let z(o) = 32*o**2 + o + 1. Suppose 0*q = -4*q - 5*v + 21, -2*q = -3*v + 17. Calculate z(q).
32
Let h(x) = x**2 - 3*x**2 + 1 + x**3 - 2 - 2*x. Suppose d - 16 = 2*s - 11, 3*s = 3*d - 12. Calculate h(s).
-2
Let q(z) = 13*z**2 + 67*z**3 + 72*z**3 - 3 - 138*z**3. Calculate q(-13).
-3
Let u(g) be the first derivative of g**3/3 + 3*g**2/2 - 3*g - 25. Determine u(-5).
7
Let j(l) = -l**3 - 6*l**2 + l + 6. Suppose 0 = -3*v - v + 52. Suppose 121 = 4*d + s, s + 136 = 5*d - v. Suppose -d = -0*y + 5*y. Calculate j(y).
0
Let m be (3/12*0)/(-3). Let v = -6 - m. Let t(g) be the second derivative of -g**5/20 - 7*g**4/12 - 7*g**3/6 + g. What is t(v)?
6
Let d = -18239/24 - -760. Let j(v) be the third derivative of 1/120*v**6 + 0*v + 1/30*v**5 - 4*v**2 + 0 - d*v**4 + 0*v**3. Calculate j(1).
2
Let p(u) = -u**3 + 4*u**2 - u + 2. Let o = 9 - -5. Suppose -3*a - 6 = 3*y, 6*a - a - y = o. Suppose -a*b = -5 - 1. Determine p(b).
8
Let l(d) = -d**3 - 5*d**2 - 4*d - 6. Let j be l(-4). Let p(x) = -18*x + 5*x**2 + 8*x - 6*x**2 + 4*x. Calculate p(j).
0
Suppose 0 = -2*s + 8 - 2. Suppose -21 = -3*u + s*k, 5 + 18 = 4*u - 3*k. Let q(p) = 0 + 3 + 110*p**2 + 3*p - 54*p**2 - p**3 - 5 - 57*p**2. Give q(u).
-8
Let g(x) be the second derivative of -1/2*x**2 + 0 + 1/20*x**5 - 1/2*x**4 - 21*x + 5/6*x**3. Determine g(5).
-1
Let u = -79 + 90. Let y(j) = -10 + j**2 - 12*j + u*j - 6*j**2 + 6*j**2. Give y(0).
-10
Let j = 361 - 362. Let y(q) = 5*q + 1. Let k(g) = 10*g + 3. Let u(c) = 2*k(c) - 5*y(c). What is u(j)?
6
Let v(k) = k**3 - 6*k**2 + 4. Suppose 3 - 77 = -4*g - r, 97 = 5*g - r. Suppose -15*c = -g*c. Suppose c = -0*l - l + 6. Determine v(l).
4
Let d(k) = k**3 + 7*k**2 + 9*k + 4. Let h = 65 - 83. Let g be h/(-8)*64/(-24). Determine d(g).
-14
Let w be -1 + 78/(-4 - -7). Let t be ((-32)/(-20))/((-10)/w). Let h(i) = -3*i - 6. Give h(t).
6
Let v(z) = -2*z - 2. Let m be (-531)/63 - 27/(-63). Calculate v(m).
14
Let c(w) = -w**3 - 14*w**2 - 11. Suppose 40*z = -886 + 326. What is c(z)?
-11
Let u(a) be the first derivative of 1/4*a**4 - 4 + 0*a**2 - 1/3*a**3 - 5*a. Suppose 0 = -4*t + 4, -5*t + 5 = -3*y - 0*y. Determine u(y).
-5
Let o(v) be the first derivative of -v**4/4 + 5*v**3/3 - 3*v**2/2 + 8*v - 128. What is o(5)?
-7
Let a(l) = l**3 + l**2 - 2*l + 2. Let g be a(0). Let n(j) = -3*j + j**3 + 19 - 26 + 6*j**g + j. Determine n(-6).
5
Let w(r) = -r + 1. Let a = 275 - 278. What is w(a)?
4
Let h(u) = -u**3 - 7*u**2 - 5*u - 6. Suppose 5*y - 9*y = 64. Let f = y + 10. Determine h(f).
-12
Let j(x) be the first derivative of -x**3/3 - x**2/2 + 8*x - 139. What is j(-4)?
-4
Let j(m) = m**3 - 9*m**2 - 9*m - 1. Let w = -985 + 995. Calculate j(w).
9
Let j(h) = h - 6. Let f(y) = -8*y - 22. Let g be f(-2). Determine j(g).
-12
Suppose 3*t = 4*t - 2. Let v(d) = 2*d**2 + 4*d**2 + 4*d + 2*d - 6 - 4*d**t. Give v(-5).
14
Let q(c) = c**2 + c - 2. Let j be q(-3). Let z(y) = y**3 + 6*y**2 + 4*y - 4. Let d(w) = -w**3 - w**2. Let o(f) = -2*d(f) - z(f). What is o(j)?
-12
Let d(y) = -3*y + 16. Let g be d(4). Suppose -g*i = -s - s - 14, 2*i - 12 = 2*s. Let m(u) = -4*u + 1. Determine m(i).
-3
Let g(p) be the first derivative of 1/3*p**3 - 1/4*p**4 - 5*p + 20 + 1/2*p**2. Calculate g(0).
-5
Let n be ((-3)/(-9))/(7/21 + 0). Let d(v) be the third derivative of 2*v**2 + 0*v**4 + 1/12*v**5 + 0*v - 1/6*v**3 + 0. Determine d(n).
4
Let z(d) be the second derivative of -7*d**5/60 - d**4/24 + 3*d**2/2 + 10*d. Let k(i) be the first derivative of z(i). Calculate k(-1).
-6
Let d(i) be the first derivative of i**2/2 + 15*i - 246. Give d(-4).
11
Let a(i) = -5*i + 2*i**2 + 9*i**2 - 4 - 10*i**2. Let q be 6/2 - 2/(14/(-21)). Determine a(q).
2
Let q(p) = 11*p + 35. Let f(m) = -31*m - 99. Let s(d) = -6*f(d) - 17*q(d). Let c be 10*(-2)/15*3. Determine s(c).
3
Suppose 2*t = -0 + 12. Let m(i) = 2*i**2 + 6*i**2 + 6*i**2 - 9*i - 13*i**2 + 8. What is m(t)?
-10
Let p(z) = -1 + 8 - 7 - 3*z. Let a(m) = 2*m. Let g(h) = -5*a(h) - 3*p(h). Calculate g(-6).
6
Let l(c) = -2*c**2 - 35*c - 156. Let d be l(-10). Let i(k) = k**2 + 8*k + 1. Determine i(d).
-11
Let n = -126 - -126. Let g(u) = u + 1 - 10*u**3 + 2*u**3 + 21*u**3 - u**2 + n*u. Calculate g(-1).
-14
Suppose -3*w - 3*x = 3, -3*w - x = -3*x + 18. Let q be (1/2)/(w/(-8)). Let i(t) = -6*t**3 - t**2 + 1. Give i(q).
-6
Let c(o) = 3*o**2 + 23 - 16 + 69*o - 2*o**2 - 55*o. Give c(-13).
-6
Let h(k) be the first derivative of 1/4*k**4 + k + 0*k**2 - 20 - 2/3*k**3. Give h(2).
1
Let a(g) = 43*g**2 - 8 - 28 - 42*g**2 - 13*g - 1. Calculate a(15).
-7
Let p(w) = 2*w**2 + 5*w - 3. Let a be p(-4). Let x = a + -13. Let d(c) = -3*c. Let j(o) = o. Let b(u) = -6*d(u) - 17*j(u). Determine b(x).
-4
Let y(q) = q**2 + 12*q + 2. Let t = -2901 + 2889. Calculate y(t).
2
Suppose 0 = 3*g - 2*x - 19, -2*x + x = g - 3. Let f(i) = i**2 - i. Let z(b) = -6*b**2 - b + 6. Let d(a) = g*f(a) + z(a). Give d(-6).
6
Suppose 8 = -4*p + 40. Suppose 5*f = -5*b - 35, -f - p = 3*b + 5. Let u(m) = m**2 + 3*m + 0*m**2 - 1 - 3. Calculate u(f).
0
Let z be 2 - (-7)/(7/(-2)). Let n(d) be the second derivative of z - 1/12*d**4 + 5*d - 1/2*d**2 + 1/6*d**3. Determine n(0).
-1
Let b(s) = 2*s - 30. Let j = -48 - -42. Let y(t) = -t + 16. Let k(u) = j*b(u) - 11*y(u). Calculate k(6).
-2
Let u(p) be the first derivative of 24 - 4/3*p**3 - 2*p + p**2 + 1/4*p**4. Give u(4).
6
Let q(h) = 10*h - 34*h + 9*h + 6 + 17*h. Determine q(-5).
-4
Let y(g) = -6*g - g - 33 + 15 + 22 - 2*g. What is y(2)?
-14
Let f(z) = -3*z**3 - 12*z**2 + 9*z - 3. Let o(h) = -4*h**3 - 18*h**2 + 13*h - 4. Let s(y) = -7*f(y) + 5*o(y). What is s(5)?
-14
Let p(l) be the second derivative of -4*l - 5/6*l**3 + 0 + 1/2*l**2. What is p(1)?
-4
Let d(v) be the third derivative of 0*v + 0 + 0*v**3 - 5*v**2 + 1/8*v**4. Give d(-1).
-3
Let y(n) = -2*n + 1 + n + 3*n. Let j(i) = -2*i**2 - 4*i + 7. Let t be j(-4). Let w(l) = -l**2 - 10*l - 14. Let p be w(